{"id":7,"date":"2020-05-30T12:51:44","date_gmt":"2020-05-30T12:51:44","guid":{"rendered":"http:\/\/riccardo.hu\/?page_id=7"},"modified":"2025-06-11T07:25:33","modified_gmt":"2025-06-11T07:25:33","slug":"villa-leticia","status":"publish","type":"page","link":"https:\/\/riccardo.hu\/","title":{"rendered":"Bemutatkoz\u00e1s"},"content":{"rendered":"<div><img loading=\"lazy\" class=\"aligncenter size-full wp-image-192\" src=\"http:\/\/riccardo.hu\/wp-content\/uploads\/2021\/04\/villa-riccardo-siofok-20.jpg\" alt=\"Villa Riccardo Si\u00f3fok\" width=\"100%\" height=\"auto\" srcset=\"https:\/\/riccardo.hu\/wp-content\/uploads\/2021\/04\/villa-riccardo-siofok-20.jpg 1200w, https:\/\/riccardo.hu\/wp-content\/uploads\/2021\/04\/villa-riccardo-siofok-20-300x169.jpg 300w, https:\/\/riccardo.hu\/wp-content\/uploads\/2021\/04\/villa-riccardo-siofok-20-1024x576.jpg 1024w, https:\/\/riccardo.hu\/wp-content\/uploads\/2021\/04\/villa-riccardo-siofok-20-768x432.jpg 768w\" sizes=\"(max-width: 1200px) 100vw, 1200px\" \/><\/div>\n<div><\/div>\n<h2 style=\"text-align: center;\">Bemutatkoz\u00e1s<\/h2>\n<div style=\"text-align: center; margin-bottom: 50px; font-size: 22px;\">A Villa Riccardo Si\u00f3fokon a Balaton partt\u00f3l \u00e9s a n\u00e9pszer\u0171 Pet\u0151fi S\u00e9t\u00e1nyt\u00f3l 200 m\u00e9terre, a v\u00e1ros k\u00f6zpontt\u00f3l 300 m\u00e9terre tal\u00e1lhat\u00f3.<\/div>\n<div><\/div>\n<div><div id=\"envira-gallery-wrap-57\" class=\"envira-gallery-wrap envira-gallery-theme-base envira-lightbox-theme-base\" itemscope itemtype=\"https:\/\/schema.org\/ImageGallery\"><div style=\"opacity: 0.0\"  data-row-height=\"150\" data-gallery-theme=\"normal\" id=\"envira-gallery-57\" class=\"envira-gallery-public envira-gallery-justified-public envira-gallery-0-columns envira-clear enviratope envira-gallery-css-animations\" data-envira-columns=\"0\"><div id=\"envira-gallery-item-189\" class=\"envira-gallery-item enviratope-item envira-gallery-item-1\" style=\"padding-left: 5px; padding-bottom: 10px; padding-right: 5px;\"  itemscope itemtype=\"https:\/\/schema.org\/ImageObject\"><div class=\"envira-gallery-item-inner\"><div class=\"envira-gallery-position-overlay  envira-gallery-top-left\"><\/div><div class=\"envira-gallery-position-overlay  envira-gallery-top-right\"><\/div><div class=\"envira-gallery-position-overlay  envira-gallery-bottom-left\"><\/div><div class=\"envira-gallery-position-overlay  envira-gallery-bottom-right\"><\/div><a href=\"http:\/\/riccardo.hu\/wp-content\/uploads\/2020\/06\/villa-riccardo-siofok-23.jpg\" class=\"envira-gallery-57 envira-gallery-link\" rel=\"enviragallery57\" title=\"villa-riccardo-siofok-23\" data-envira-caption=\"villa-riccardo-siofok-23\" data-envira-retina=\"\" data-thumbnail=\"\"  itemprop=\"contentUrl\"><img id=\"envira-gallery-image-189\" class=\"envira-gallery-image envira-gallery-image-1 envira-normal \" data-envira-index=\"1\" src=\"https:\/\/riccardo.hu\/wp-content\/uploads\/2020\/06\/villa-riccardo-siofok-23-640x480.jpg\" data-envira-src=\"https:\/\/riccardo.hu\/wp-content\/uploads\/2020\/06\/villa-riccardo-siofok-23-640x480.jpg\" data-envira-gallery-id=\"57\" data-envira-item-id=\"189\" data-envira-caption=\"villa-riccardo-siofok-23\" alt=\"\" title=\"villa-riccardo-siofok-23\"  itemprop=\"thumbnailUrl\" data-envira-srcset=\"https:\/\/riccardo.hu\/wp-content\/uploads\/2020\/06\/villa-riccardo-siofok-23-640x480.jpg 400w,https:\/\/riccardo.hu\/wp-content\/uploads\/2020\/06\/villa-riccardo-siofok-23-640x480.jpg 2x\" data-envira-width=\"300\" data-envira-height=\"225\" srcset=\"https:\/\/riccardo.hu\/wp-content\/uploads\/2020\/06\/villa-riccardo-siofok-23-1280x960.jpg 2x\" data-safe-src=\"https:\/\/riccardo.hu\/wp-content\/uploads\/2020\/06\/villa-riccardo-siofok-23-640x480.jpg\" \/><\/a><\/div><\/div><div id=\"envira-gallery-item-190\" class=\"envira-gallery-item enviratope-item envira-gallery-item-2\" style=\"padding-left: 5px; padding-bottom: 10px; padding-right: 5px;\"  itemscope itemtype=\"https:\/\/schema.org\/ImageObject\"><div class=\"envira-gallery-item-inner\"><div class=\"envira-gallery-position-overlay  envira-gallery-top-left\"><\/div><div class=\"envira-gallery-position-overlay  envira-gallery-top-right\"><\/div><div class=\"envira-gallery-position-overlay  envira-gallery-bottom-left\"><\/div><div class=\"envira-gallery-position-overlay  envira-gallery-bottom-right\"><\/div><a href=\"http:\/\/riccardo.hu\/wp-content\/uploads\/2020\/06\/villa-riccardo-siofok-24.jpg\" class=\"envira-gallery-57 envira-gallery-link\" rel=\"enviragallery57\" title=\"villa-riccardo-siofok-24\" data-envira-caption=\"villa-riccardo-siofok-24\" data-envira-retina=\"\" data-thumbnail=\"\"  itemprop=\"contentUrl\"><img id=\"envira-gallery-image-190\" class=\"envira-gallery-image envira-gallery-image-2 envira-normal \" data-envira-index=\"2\" src=\"https:\/\/riccardo.hu\/wp-content\/uploads\/2020\/06\/villa-riccardo-siofok-24-640x480.jpg\" data-envira-src=\"https:\/\/riccardo.hu\/wp-content\/uploads\/2020\/06\/villa-riccardo-siofok-24-640x480.jpg\" data-envira-gallery-id=\"57\" data-envira-item-id=\"190\" data-envira-caption=\"villa-riccardo-siofok-24\" alt=\"\" title=\"villa-riccardo-siofok-24\"  itemprop=\"thumbnailUrl\" data-envira-srcset=\"https:\/\/riccardo.hu\/wp-content\/uploads\/2020\/06\/villa-riccardo-siofok-24-640x480.jpg 400w,https:\/\/riccardo.hu\/wp-content\/uploads\/2020\/06\/villa-riccardo-siofok-24-640x480.jpg 2x\" data-envira-width=\"300\" data-envira-height=\"225\" srcset=\"https:\/\/riccardo.hu\/wp-content\/uploads\/2020\/06\/villa-riccardo-siofok-24-1280x960.jpg 2x\" data-safe-src=\"https:\/\/riccardo.hu\/wp-content\/uploads\/2020\/06\/villa-riccardo-siofok-24-640x480.jpg\" \/><\/a><\/div><\/div><div id=\"envira-gallery-item-191\" class=\"envira-gallery-item enviratope-item envira-gallery-item-3\" style=\"padding-left: 5px; padding-bottom: 10px; padding-right: 5px;\"  itemscope itemtype=\"https:\/\/schema.org\/ImageObject\"><div class=\"envira-gallery-item-inner\"><div class=\"envira-gallery-position-overlay  envira-gallery-top-left\"><\/div><div class=\"envira-gallery-position-overlay  envira-gallery-top-right\"><\/div><div class=\"envira-gallery-position-overlay  envira-gallery-bottom-left\"><\/div><div class=\"envira-gallery-position-overlay  envira-gallery-bottom-right\"><\/div><a href=\"http:\/\/riccardo.hu\/wp-content\/uploads\/2020\/06\/villa-ricardo-siofok-total.jpg\" class=\"envira-gallery-57 envira-gallery-link\" rel=\"enviragallery57\" title=\"DCIM100MEDIADJI_0038.JPG\" data-envira-caption=\"DCIM100MEDIADJI_0038.JPG\" data-envira-retina=\"\" data-thumbnail=\"\"  itemprop=\"contentUrl\"><img id=\"envira-gallery-image-191\" class=\"envira-gallery-image envira-gallery-image-3 envira-normal \" data-envira-index=\"3\" src=\"https:\/\/riccardo.hu\/wp-content\/uploads\/2020\/06\/villa-ricardo-siofok-total-1024x768-640x480.jpg\" data-envira-src=\"https:\/\/riccardo.hu\/wp-content\/uploads\/2020\/06\/villa-ricardo-siofok-total-1024x768-640x480.jpg\" data-envira-gallery-id=\"57\" data-envira-item-id=\"191\" data-envira-caption=\"DCIM100MEDIADJI_0038.JPG\" alt=\"\" title=\"DCIM100MEDIADJI_0038.JPG\"  itemprop=\"thumbnailUrl\" data-envira-srcset=\"https:\/\/riccardo.hu\/wp-content\/uploads\/2020\/06\/villa-ricardo-siofok-total-1024x768-640x480.jpg 400w,https:\/\/riccardo.hu\/wp-content\/uploads\/2020\/06\/villa-ricardo-siofok-total-1024x768-640x480.jpg 2x\" data-envira-width=\"300\" data-envira-height=\"225\" srcset=\"https:\/\/riccardo.hu\/wp-content\/uploads\/2020\/06\/villa-ricardo-siofok-total-1280x960.jpg 2x\" data-safe-src=\"https:\/\/riccardo.hu\/wp-content\/uploads\/2020\/06\/villa-ricardo-siofok-total-1024x768-640x480.jpg\" \/><\/a><\/div><\/div><\/div><\/div><noscript><img src=\"https:\/\/riccardo.hu\/wp-content\/uploads\/2020\/06\/villa-riccardo-siofok-23.jpg\" alt=\"\" \/><img src=\"https:\/\/riccardo.hu\/wp-content\/uploads\/2020\/06\/villa-riccardo-siofok-24.jpg\" alt=\"\" \/><img src=\"https:\/\/riccardo.hu\/wp-content\/uploads\/2020\/06\/villa-ricardo-siofok-total.jpg\" alt=\"\" \/><\/noscript><\/div>\n<div><\/div>\n<div>\n<h2 style=\"text-align: center;\">El\u00e9rhet\u0151s\u00e9g<\/h2>\n<div style=\"text-align: center; font-size: 22px;\"><i class=\"fas fa-car fa-1x\"\"><\/i>\u00a0\u00a08600 Si\u00f3fok, Batthy\u00e1ny Lajos u. 48\/B<\/div>\n<div style=\"text-align: center; font-size: 22px;\"><i class=\"fas fa-phone fa-1x\"\"><\/i>\u00a0\u00a0+36 20 935 2614<\/div>\n<\/div>\n<div style=\"text-align: center; font-size: 16px; margin-top: 30px;\">NTAK regisztr\u00e1ci\u00f3s sz\u00e1m: EG19009648<\/div>\n<p><!--\n\n\n<div><img loading=\"lazy\" class=\"aligncenter size-full wp-image-208\" style=\"margin-top: 30px;\" src=\"https:\/\/riccardo.hu\/wp-content\/uploads\/2021\/06\/magyarorszag-kisfaludy-palyazat.png\" alt=\"Kisfaludy p\u00e1ly\u00e1zat\" width=\"100%\" height=\"auto\" srcset=\"https:\/\/riccardo.hu\/wp-content\/uploads\/2021\/06\/magyarorszag-kisfaludy-palyazat.png 1600w, https:\/\/riccardo.hu\/wp-content\/uploads\/2021\/06\/magyarorszag-kisfaludy-palyazat-300x67.png 300w, https:\/\/riccardo.hu\/wp-content\/uploads\/2021\/06\/magyarorszag-kisfaludy-palyazat-1024x228.png 1024w, https:\/\/riccardo.hu\/wp-content\/uploads\/2021\/06\/magyarorszag-kisfaludy-palyazat-768x171.png 768w, https:\/\/riccardo.hu\/wp-content\/uploads\/2021\/06\/magyarorszag-kisfaludy-palyazat-1536x343.png 1536w\" sizes=\"(max-width: 1600px) 100vw, 1600px\" \/><\/div>\n\n\n\n\n<div style=\"margin: 40px;\">\n\n\n<div class=\"\" style=\"text-align: center;\">\"K\u00f6sz\u00f6nj\u00fck Magyarorsz\u00e1g Korm\u00e1nya T\u00e1mogat\u00e1s\u00e1t\u201d<\/div>\n\n\n\n\n<div class=\"\" style=\"text-align: center;\"><span class=\"\">\u201c<\/span><span class=\"\">A t\u00e1mogatott projekt a Kisfaludy Turisztikai Fejleszt\u00e9si Program keret\u00e9ben val\u00f3sul meg\u201d<\/span><\/div>\n\n\n<\/div>\n\n\n\n\n<div class=\"\">a Kedvezm\u00e9nyezett neve:\u00a0 Nagy Aut\u00f3bont\u00f3 Kft<br class=\"\" \/>\u2022 a t\u00e1mogatott projekt c\u00edme:<\/div>\n\n\n\n\n<div class=\"\">Villa Riccardo 8600 Si\u00f3fok, Batthy\u00e1ny u. 48\/B\u00a0 apartmanjainak korszer\u0171s\u00edt\u00e9se<\/div>\n\n\n\n\n<div class=\"\">\u2022 p\u00e1ly\u00e1zat azonos\u00edt\u00f3 sz\u00e1ma:\u00a0 \u00a0 TFC-M-1.1.2-2020-05281\u00a0<br class=\"\" \/>\u2022 a szerz\u0151d\u00f6tt t\u00e1mogat\u00e1s \u00f6sszege: 4.000.000 Ft<br class=\"\" \/>\u2022 a t\u00e1mogat\u00e1s m\u00e9rt\u00e9ke (%-ban): 100%<br class=\"\" \/>\u2022 a t\u00e1mogatott projekt tartalm\u00e1nak r\u00f6vid bemutat\u00e1sa:<br class=\"\" \/>-Megl\u00e9v\u0151 sz\u00e1ll\u00e1shely k\u00fcls\u0151 \u00e9s bels\u0151 megjelen\u00e9s\u00e9nek, min\u0151s\u00e9g\u00e9nek fejleszt\u00e9se, a sz\u00e1ll\u00e1shely apartmanjainak\u00a0 \u00e9s kapcsol\u00f3d\u00f3 helyis\u00e9geinek\u00a0 fel\u00faj\u00edt\u00e1sa.<br class=\"\" \/>-Sz\u00e1ll\u00e1shely szolg\u00e1ltat\u00e1shoz k\u00f6zvetlen\u00fcl kapcsol\u00f3d\u00f3 eszk\u00f6z\u00f6k beszerz\u00e9se.<br class=\"\" \/>-K\u00fclt\u00e9ri beruh\u00e1z\u00e1sok.<br class=\"\" \/>\u2022 a\u00a0t\u00e1mogatott projekt befejez\u00e9si d\u00e1tuma: 2021.09.30.<\/div>\n\n\n--><\/p>\n","protected":false},"excerpt":{"rendered":"<p>Bemutatkoz\u00e1s A Villa Riccardo Si\u00f3fokon a Balaton partt\u00f3l \u00e9s a n\u00e9pszer\u0171 Pet\u0151fi S\u00e9t\u00e1nyt\u00f3l 200 m\u00e9terre, a v\u00e1ros k\u00f6zpontt\u00f3l 300 m\u00e9terre tal\u00e1lhat\u00f3. El\u00e9rhet\u0151s\u00e9g \u00a0\u00a08600 Si\u00f3fok, Batthy\u00e1ny Lajos u. 48\/B \u00a0\u00a0+36 20 935 2614 NTAK regisztr\u00e1ci\u00f3s sz\u00e1m: EG19009648<\/p>\n","protected":false},"author":1,"featured_media":0,"parent":0,"menu_order":0,"comment_status":"closed","ping_status":"closed","template":"","meta":[],"_links":{"self":[{"href":"https:\/\/riccardo.hu\/index.php\/wp-json\/wp\/v2\/pages\/7"}],"collection":[{"href":"https:\/\/riccardo.hu\/index.php\/wp-json\/wp\/v2\/pages"}],"about":[{"href":"https:\/\/riccardo.hu\/index.php\/wp-json\/wp\/v2\/types\/page"}],"author":[{"embeddable":true,"href":"https:\/\/riccardo.hu\/index.php\/wp-json\/wp\/v2\/users\/1"}],"replies":[{"embeddable":true,"href":"https:\/\/riccardo.hu\/index.php\/wp-json\/wp\/v2\/comments?post=7"}],"version-history":[{"count":41,"href":"https:\/\/riccardo.hu\/index.php\/wp-json\/wp\/v2\/pages\/7\/revisions"}],"predecessor-version":[{"id":216,"href":"https:\/\/riccardo.hu\/index.php\/wp-json\/wp\/v2\/pages\/7\/revisions\/216"}],"wp:attachment":[{"href":"https:\/\/riccardo.hu\/index.php\/wp-json\/wp\/v2\/media?parent=7"}],"curies":[{"name":"wp","href":"https:\/\/api.w.org\/{rel}","templated":true}]}}

Bemutatkozás

<div><img loading="lazy" class="aligncenter size-full wp-image-192" src="http://riccardo.hu/wp-content/uploads/2021/04/villa-riccardo-siofok-20.jpg" alt="Villa Riccardo Siófok" width="100%" height="auto" srcset="https://riccardo.hu/wp-content/uploads/2021/04/villa-riccardo-siofok-20.jpg 1200w, https://riccardo.hu/wp-content/uploads/2021/04/villa-riccardo-siofok-20-300x169.jpg 300w, https://riccardo.hu/wp-content/uploads/2021/04/villa-riccardo-siofok-20-1024x576.jpg 1024w, https://riccardo.hu/wp-content/uploads/2021/04/villa-riccardo-siofok-20-768x432.jpg 768w" sizes="(max-width: 1200px) 100vw, 1200px" /></div>
<div></div>
<h2 style="text-align: center;">Bemutatkozás</h2>
<div style="text-align: center; margin-bottom: 50px; font-size: 22px;">A Villa Riccardo Siófokon a Balaton parttól és a népszerű Petőfi Sétánytól 200 méterre, a város központtól 300 méterre található.</div>
<div></div>
<div><div id="envira-gallery-wrap-57" class="envira-gallery-wrap envira-gallery-theme-base envira-lightbox-theme-base" itemscope itemtype="https://schema.org/ImageGallery"><div style="opacity: 0.0"  data-row-height="150" data-gallery-theme="normal" id="envira-gallery-57" class="envira-gallery-public envira-gallery-justified-public envira-gallery-0-columns envira-clear enviratope envira-gallery-css-animations" data-envira-columns="0"><div id="envira-gallery-item-189" class="envira-gallery-item enviratope-item envira-gallery-item-1" style="padding-left: 5px; padding-bottom: 10px; padding-right: 5px;"  itemscope itemtype="https://schema.org/ImageObject"><div class="envira-gallery-item-inner"><div class="envira-gallery-position-overlay  envira-gallery-top-left"></div><div class="envira-gallery-position-overlay  envira-gallery-top-right"></div><div class="envira-gallery-position-overlay  envira-gallery-bottom-left"></div><div class="envira-gallery-position-overlay  envira-gallery-bottom-right"></div><a href="http://riccardo.hu/wp-content/uploads/2020/06/villa-riccardo-siofok-23.jpg" class="envira-gallery-57 envira-gallery-link" rel="enviragallery57" title="villa-riccardo-siofok-23" data-envira-caption="villa-riccardo-siofok-23" data-envira-retina="" data-thumbnail=""  itemprop="contentUrl"><img id="envira-gallery-image-189" class="envira-gallery-image envira-gallery-image-1 envira-normal " data-envira-index="1" src="https://riccardo.hu/wp-content/uploads/2020/06/villa-riccardo-siofok-23-640x480.jpg" data-envira-src="https://riccardo.hu/wp-content/uploads/2020/06/villa-riccardo-siofok-23-640x480.jpg" data-envira-gallery-id="57" data-envira-item-id="189" data-envira-caption="villa-riccardo-siofok-23" alt="" title="villa-riccardo-siofok-23"  itemprop="thumbnailUrl" data-envira-srcset="https://riccardo.hu/wp-content/uploads/2020/06/villa-riccardo-siofok-23-640x480.jpg 400w,https://riccardo.hu/wp-content/uploads/2020/06/villa-riccardo-siofok-23-640x480.jpg 2x" data-envira-width="300" data-envira-height="225" srcset="https://riccardo.hu/wp-content/uploads/2020/06/villa-riccardo-siofok-23-1280x960.jpg 2x" data-safe-src="https://riccardo.hu/wp-content/uploads/2020/06/villa-riccardo-siofok-23-640x480.jpg" /></a></div></div><div id="envira-gallery-item-190" class="envira-gallery-item enviratope-item envira-gallery-item-2" style="padding-left: 5px; padding-bottom: 10px; padding-right: 5px;"  itemscope itemtype="https://schema.org/ImageObject"><div class="envira-gallery-item-inner"><div class="envira-gallery-position-overlay  envira-gallery-top-left"></div><div class="envira-gallery-position-overlay  envira-gallery-top-right"></div><div class="envira-gallery-position-overlay  envira-gallery-bottom-left"></div><div class="envira-gallery-position-overlay  envira-gallery-bottom-right"></div><a href="http://riccardo.hu/wp-content/uploads/2020/06/villa-riccardo-siofok-24.jpg" class="envira-gallery-57 envira-gallery-link" rel="enviragallery57" title="villa-riccardo-siofok-24" data-envira-caption="villa-riccardo-siofok-24" data-envira-retina="" data-thumbnail=""  itemprop="contentUrl"><img id="envira-gallery-image-190" class="envira-gallery-image envira-gallery-image-2 envira-normal " data-envira-index="2" src="https://riccardo.hu/wp-content/uploads/2020/06/villa-riccardo-siofok-24-640x480.jpg" data-envira-src="https://riccardo.hu/wp-content/uploads/2020/06/villa-riccardo-siofok-24-640x480.jpg" data-envira-gallery-id="57" data-envira-item-id="190" data-envira-caption="villa-riccardo-siofok-24" alt="" title="villa-riccardo-siofok-24"  itemprop="thumbnailUrl" data-envira-srcset="https://riccardo.hu/wp-content/uploads/2020/06/villa-riccardo-siofok-24-640x480.jpg 400w,https://riccardo.hu/wp-content/uploads/2020/06/villa-riccardo-siofok-24-640x480.jpg 2x" data-envira-width="300" data-envira-height="225" srcset="https://riccardo.hu/wp-content/uploads/2020/06/villa-riccardo-siofok-24-1280x960.jpg 2x" data-safe-src="https://riccardo.hu/wp-content/uploads/2020/06/villa-riccardo-siofok-24-640x480.jpg" /></a></div></div><div id="envira-gallery-item-191" class="envira-gallery-item enviratope-item envira-gallery-item-3" style="padding-left: 5px; padding-bottom: 10px; padding-right: 5px;"  itemscope itemtype="https://schema.org/ImageObject"><div class="envira-gallery-item-inner"><div class="envira-gallery-position-overlay  envira-gallery-top-left"></div><div class="envira-gallery-position-overlay  envira-gallery-top-right"></div><div class="envira-gallery-position-overlay  envira-gallery-bottom-left"></div><div class="envira-gallery-position-overlay  envira-gallery-bottom-right"></div><a href="http://riccardo.hu/wp-content/uploads/2020/06/villa-ricardo-siofok-total.jpg" class="envira-gallery-57 envira-gallery-link" rel="enviragallery57" title="DCIM100MEDIADJI_0038.JPG" data-envira-caption="DCIM100MEDIADJI_0038.JPG" data-envira-retina="" data-thumbnail=""  itemprop="contentUrl"><img id="envira-gallery-image-191" class="envira-gallery-image envira-gallery-image-3 envira-normal " data-envira-index="3" src="https://riccardo.hu/wp-content/uploads/2020/06/villa-ricardo-siofok-total-1024x768-640x480.jpg" data-envira-src="https://riccardo.hu/wp-content/uploads/2020/06/villa-ricardo-siofok-total-1024x768-640x480.jpg" data-envira-gallery-id="57" data-envira-item-id="191" data-envira-caption="DCIM100MEDIADJI_0038.JPG" alt="" title="DCIM100MEDIADJI_0038.JPG"  itemprop="thumbnailUrl" data-envira-srcset="https://riccardo.hu/wp-content/uploads/2020/06/villa-ricardo-siofok-total-1024x768-640x480.jpg 400w,https://riccardo.hu/wp-content/uploads/2020/06/villa-ricardo-siofok-total-1024x768-640x480.jpg 2x" data-envira-width="300" data-envira-height="225" srcset="https://riccardo.hu/wp-content/uploads/2020/06/villa-ricardo-siofok-total-1280x960.jpg 2x" data-safe-src="https://riccardo.hu/wp-content/uploads/2020/06/villa-ricardo-siofok-total-1024x768-640x480.jpg" /></a></div></div></div></div><noscript><img src="https://riccardo.hu/wp-content/uploads/2020/06/villa-riccardo-siofok-23.jpg" alt="" /><img src="https://riccardo.hu/wp-content/uploads/2020/06/villa-riccardo-siofok-24.jpg" alt="" /><img src="https://riccardo.hu/wp-content/uploads/2020/06/villa-ricardo-siofok-total.jpg" alt="" /></noscript></div>
<div></div>
<div>
<h2 style="text-align: center;">Elérhetőség</h2>
<div style="text-align: center; font-size: 22px;"><i class="fas fa-car fa-1x""></i>  8600 Siófok, Batthyány Lajos u. 48/B</div>
<div style="text-align: center; font-size: 22px;"><i class="fas fa-phone fa-1x""></i>  +36 20 935 2614</div>
</div>
<div style="text-align: center; font-size: 16px; margin-top: 30px;">NTAK regisztrációs szám: EG19009648</div>
<p><!--


<div><img loading="lazy" class="aligncenter size-full wp-image-208" style="margin-top: 30px;" src="https://riccardo.hu/wp-content/uploads/2021/06/magyarorszag-kisfaludy-palyazat.png" alt="Kisfaludy pályázat" width="100%" height="auto" srcset="https://riccardo.hu/wp-content/uploads/2021/06/magyarorszag-kisfaludy-palyazat.png 1600w, https://riccardo.hu/wp-content/uploads/2021/06/magyarorszag-kisfaludy-palyazat-300x67.png 300w, https://riccardo.hu/wp-content/uploads/2021/06/magyarorszag-kisfaludy-palyazat-1024x228.png 1024w, https://riccardo.hu/wp-content/uploads/2021/06/magyarorszag-kisfaludy-palyazat-768x171.png 768w, https://riccardo.hu/wp-content/uploads/2021/06/magyarorszag-kisfaludy-palyazat-1536x343.png 1536w" sizes="(max-width: 1600px) 100vw, 1600px" /></div>




<div style="margin: 40px;">


<div class="" style="text-align: center;">"Köszönjük Magyarország Kormánya Támogatását”</div>




<div class="" style="text-align: center;"><span class="">“</span><span class="">A támogatott projekt a Kisfaludy Turisztikai Fejlesztési Program keretében valósul meg”</span></div>


</div>




<div class="">a Kedvezményezett neve:  Nagy Autóbontó Kft<br class="" />• a támogatott projekt címe:</div>




<div class="">Villa Riccardo 8600 Siófok, Batthyány u. 48/B  apartmanjainak korszerűsítése</div>




<div class="">• pályázat azonosító száma:    TFC-M-1.1.2-2020-05281 <br class="" />• a szerződött támogatás összege: 4.000.000 Ft<br class="" />• a támogatás mértéke (%-ban): 100%<br class="" />• a támogatott projekt tartalmának rövid bemutatása:<br class="" />-Meglévő szálláshely külső és belső megjelenésének, minőségének fejlesztése, a szálláshely apartmanjainak  és kapcsolódó helyiségeinek  felújítása.<br class="" />-Szálláshely szolgáltatáshoz közvetlenül kapcsolódó eszközök beszerzése.<br class="" />-Kültéri beruházások.<br class="" />• a támogatott projekt befejezési dátuma: 2021.09.30.</div>


--></p>

<p>Bemutatkozás A Villa Riccardo Siófokon a Balaton parttól és a népszerű Petőfi Sétánytól 200 méterre, a város központtól 300 méterre található. Elérhetőség   8600 Siófok, Batthyány Lajos u. 48/B   +36 20 935 2614 NTAK regisztrációs szám: EG19009648</p>
